**2 + d - 2. Let a(s) = -s**3 - 4*s**2 - 4*s - 2. Let f be a(-2). Give h(f).
-4
Let d be (1 + -1)*4/(-12). Let x(k) = -k**2 + k + 7. What is x(d)?
7
Let a(n) = -2*n + 1. Let y(f) = -f. Let b(j) = 4*a(j) - 9*y(j). Give b(0).
4
Suppose 0 = 2*u + 3 + 1. Let a(w) = -3*w**2 - 2*w - 2. Let o(s) = s**2 + s + 1. Suppose 4*p = -3 - 25. Let d(k) = p*o(k) + u*a(k). Give d(-2).
-1
Let d(t) = 4*t**3 + t. Let r(i) = -i + 3. Let s be r(0). Let v be 1*(s - 2) + -2. Calculate d(v).
-5
Let w(v) = v**2 - 11*v + 14. Let j be w(10). Let x(a) = a**2 + a - 5. Determine x(j).
15
Let x(j) = j**3 + 13*j**2 + 12*j + 2. Let z be x(-12). Let r(k) = -k**2 + 3. Let o(c) = 2*c**2 + c - 7. Let f(s) = 2*o(s) + 5*r(s). What is f(z)?
1
Let s(w) = 2*w - 13*w + 10*w + 1 + 2*w. Determine s(-7).
-6
Let q(o) = -1. Let x(s) = -5*s - 8. Let g(p) = -5*q(p) + x(p). Suppose u + 3 = 0, 2*v + 3*u = 4*u - 3. Give g(v).
12
Suppose 53 = 4*y + 41. Let x(j) = -2*j - 2. What is x(y)?
-8
Let a(l) = l**2 - 6*l + 0*l + l**3 + 5*l + 1. Let h(g) = 2*g**2 - 2*g. Let j = -25 + 26. Let b be h(j). Calculate a(b).
1
Let q(z) = -2*z - 23. Let v(l) = -l - 12. Let h(m) = 4*q(m) - 7*v(m). Determine h(0).
-8
Let k = 25 - 10. Let z(a) = -6*a + 7 + 3*a + 2*a - k. What is z(-5)?
-3
Let z(h) = -h**3 + 8*h**2 - 8*h + 9. Let k(y) = -y**3 + 5*y**2 + 8*y - 5. Let a be k(6). Determine z(a).
2
Let c(f) be the third derivative of f**5/60 - f**3 - 6*f**2. Let y(k) = -k**2 - 6*k - 5. Let u be y(-5). Determine c(u).
-6
Suppose 5*f + 2*d - 14 = 0, -5*f - 4*d + 14 = -2*f. Let r(x) = -6*x + 3. Give r(f).
-9
Let s(r) = 4*r + 3. Suppose 7 = 3*i - 38. Suppose -3*x = 2*x + i. Let v = -5 - x. What is s(v)?
-5
Let h be -1 + 0 - (0 - 3). Let o(u) = -2*u. Let f be o(h). Let w(p) = 2*p + 1. Let m(n) = 1. Let q(c) = -2*m(c) - w(c). What is q(f)?
5
Suppose 33*t = 35*t. Let n(k) = k**2 - k + 12. Determine n(t).
12
Let n(h) be the first derivative of -h**2/2 - 3*h + 3. What is n(-8)?
5
Let n(m) = -m**2 - 6*m - 8. Let q = 7 + -4. Let b(a) = 1. Let d(p) = q*b(p) + n(p). What is d(-4)?
3
Let w(g) = -g**2 - g - 1. Let l(r) = 3*r + 6. Let t be l(-9). Let j = t + 21. Give w(j).
-1
Let v = 55 + -60. Let d(x) = -5*x**2 + 15*x + 17. Let c(j) = 3*j**2 - 10*j - 11. Let i(s) = 8*c(s) + 5*d(s). Give i(v).
-3
Let m(j) = j**3 + 5*j**2 + 2*j + 7. Let w(o) = -2*o**3 - 11*o**2 - 4*o - 15. Let y(x) = -5*m(x) - 3*w(x). Determine y(-8).
-6
Let c = -6 - -8. Let g(x) = 2*x + 5*x - 3*x - 4*x**c + 2*x**2. Determine g(3).
-6
Let d(b) = -b + 3. Let o be d(2). Suppose 2*x - 5 = -o. Let w(q) = -q**2 + 1 - 2*q - x*q**2 - q**2. Give w(1).
-5
Let s(y) be the second derivative of -4*y - 3*y**2 + 0 + 1/6*y**3. Calculate s(0).
-6
Let q = -10 - -16. Let l(p) = p + 7. Give l(q).
13
Let o(k) = k**3 - 3*k**2 - 5*k + 3 + 3 + 0. Suppose -3*n + 5*u = -32, 6*u = n + 2*u - 20. Calculate o(n).
2
Let k(s) be the third derivative of -s**6/60 + s**5/15 - s**4/6 + s**3/3 - 16*s**2. Let h be 3/((-2)/(-2))*2. Suppose -y - 10 = -h*y. Determine k(y).
-6
Let n(b) = b**2 + 9. Let g(f) = 2*f**2 + 18. Let a(o) = -3*g(o) + 5*n(o). Suppose -5*s + p + 3 = 0, 3*p = 4*s - 3 - 6. Give a(s).
-9
Let t(o) = 2*o - 2. Let s(a) = -a. Suppose -x + 2*z = 9, 27 = -5*x - 0*z + z. Let v(j) = x*s(j) - t(j). Calculate v(-2).
-4
Let g(i) = -i**3 - 7*i**2 + 8*i + 5. Suppose 2*d = -d - 24. Let c be g(d). Let s(k) = -c + 5*k + 5. Calculate s(1).
5
Let n = -7 + 10. Let m(p) = n*p + 3*p**2 - 2*p - 2*p. Calculate m(1).
2
Let o(w) = -2*w**3 + 3*w**2 + 9*w - 21. Let m(p) = -p**3 + p**2 + 4*p - 10. Let x(v) = -13*m(v) + 6*o(v). What is x(-5)?
-6
Suppose 0 = -2*t - 4*t + 24. Let q(v) = 3*v - 4. What is q(t)?
8
Let h(l) = -1 + 2*l - l**2 + 2*l**2 + 0. Let z(x) = x**2 - 7*x - 9. Let v be z(8). Let j be (-111)/27 - v/9. What is h(j)?
7
Suppose -k - 10 = 4*k. Let z(m) = 4*m**3 + 2*m**2 - 9*m - 1. Let f(g) = -2*g**3 - g**2 + 4*g + 1. Let x(q) = 5*f(q) + 2*z(q). Calculate x(k).
11
Suppose 5*n - 18 = -2*u, 0 = -0*n - 5*n - 5*u + 30. Let k(z) = 7 - 3 + 3*z - 5*z**2 + 4*z**n. Determine k(4).
0
Suppose -9 = -3*k - r + 15, -16 = -2*k + 4*r. Let j be 1 + 0 + k/8. Let s(h) be the second derivative of -h**3/2 + h**2/2 - h. What is s(j)?
-5
Let w(o) = 2 - 5 + 3*o - 1 + 0. Suppose 5*p + 4*n - 40 = 0, 4 = -2*p + 3*n - 3. Calculate w(p).
8
Let l(b) = b**3 + 6*b**2 + 3*b - 3. Let s(c) = -4*c**2 + 12*c - 13. Let v(t) = 9*t**2 - 24*t + 25. Let w(a) = 7*s(a) + 3*v(a). Let n be w(11). Calculate l(n).
7
Let l(m) = m + 12. Let p be l(-9). Suppose -10 = -5*v + 5*o, 2*v + 4*o - 13 = p*o. Let h(b) = -3 + 6*b**2 + b**3 - 2*b**3 - 2*b - b. Give h(v).
7
Suppose -4 + 1 = -c. Suppose 0 = p - 8 + c. Let d(s) = -s**2 + 4*s + 7. Give d(p).
2
Let r(s) = 2*s**2 + s - 1. Suppose 4*o = -3*z - 2, -10 - 4 = -5*z + 2*o. Give r(z).
9
Let c(l) = l - 6. Let x = 3 - -2. Suppose -7*b + 15 = -x*y - 2*b, 6 = -5*y + 2*b. Give c(y).
-6
Let g(q) = -q**3 - q**2 + 1. Let n(t) = 4*t - 6. Let s(f) = -f. Let d(w) = -n(w) - 3*s(w). Let i be d(5). Give g(i).
-1
Suppose -4*t + 5*t = -1. Let r(x) = 2*x**2 + 4*x - 7. Let u(k) = -k**2 - 3*k + 5. Let z(q) = 5*r(q) + 7*u(q). Determine z(t).
4
Let c(t) be the third derivative of t**4/24 + t**3/2 + t**2. Let j be c(-5). Let o(b) = 4*b**2 + 2*b**3 + 4*b**2 - 5*b**2. Give o(j).
-4
Let s(c) = 21 - 23 - 5*c + 4*c + c**2. Calculate s(0).
-2
Let f(a) = 4*a - 1 - 2*a - 4*a + 3*a. Let b = 4 - -1. Calculate f(b).
4
Suppose -5*b + 23 + 17 = 5*r, -4*b = -r - 7. Let f(k) = 4*k - 2*k + k**3 - k**2 + b + 3*k**2. Suppose 54*m - 12 = 58*m. Calculate f(m).
-12
Let t(c) be the third derivative of c**4/24 - c**3/6 - 17*c**2. Determine t(-5).
-6
Let c(f) = 6*f**3 - 14*f**2 - 36*f - 11. Let i(t) = -t**3 + 3*t**2 + 7*t + 2. Let p(z) = -2*c(z) - 11*i(z). Determine p(-4).
4
Let y be 1*2 + (10 - 10). Let l(k) = y*k + k - 2 + 3 - 2*k. Calculate l(-3).
-2
Suppose -2*l + 3*s = -5*l - 18, 4*l - 2*s = 0. Let h(n) = 5*n + 2. What is h(l)?
-8
Let s(l) = l + 3. Suppose -4*q = -4*u + 4, 9 = -4*q + 5*u - 0. What is s(q)?
7
Let v = 0 - 5. Let z(k) be the first derivative of k - 1/3*k**3 - 3*k**2 - 1. What is z(v)?
6
Let r(g) be the third derivative of -g**5/60 + g**4/6 + 2*g**3/3 - 32*g**2 + 2*g. Calculate r(6).
-8
Let t(q) = -q**3 + 2*q**2 - 2*q. Suppose -l - 2*l + 6 = 0. What is t(l)?
-4
Let i(a) be the second derivative of -a**3/6 - 4*a**2 + 4*a. Determine i(-5).
-3
Let v(a) = 3*a - 1. Let f(w) = 10*w - 4. Let x(o) = -2*f(o) + 7*v(o). Suppose -40*k = -42*k + 6. Calculate x(k).
4
Suppose -4*y + 4 = -3*w, y + 5*w - 4 = 5*y. Suppose 4*f - i + 1 = 0, f + 6*i + 10 = 3*i. Let n = y + f. Let v(h) = h**2 - 2*h + 1. Determine v(n).
4
Let g(v) = v**2 + v. Let c(z) = 7*z**2 + 6*z - 6. Let h(p) = -c(p) + 6*g(p). Give h(5).
-19
Let p(j) = -16*j - 14 - 8 + 21. Let a be 21/(-27) + (-4)/18. Determine p(a).
15
Let y(q) = q - 5. Let r be y(9). Let b(w) be the first derivative of w**3/3 - w - 2. Let h(m) = 2*m**2 - 3*m - 4. Let d(l) = -b(l) + h(l). Give d(r).
1
Let g(h) = -h**3 - 2*h**2 + 4*h - 1. Let k(m) = -2*m**2 - 8*m + 7. Let d be k(-5). Give g(d).
-4
Let o(r) = r + 1. Suppose -7 = -q + c, 3*c - 26 = -5*q - c. Calculate o(q).
7
Let t(o) = -8*o + 5*o + o + o + 5. Suppose 0 = -0*p + 3*p - 12. Determine t(p).
1
Let k(p) = -8*p - 1. Let a(l) be the first derivative of 7*l**2/2 + 1. Let y(h) = 3*a(h) + 2*k(h). Give y(2).
8
Let w(i) = 3*i - 7. Suppose 2*z = 8 + 6. Let f(n) = 4*n - 10. Let x(v) = z*w(v) - 5*f(v). Calculate x(-3).
-2
Let b(r) = -r - 6. Suppose -z - 2*z = -13*z. Determine b(z).
-6
Let q(w) be the first derivative of -w**4 - 2*w**3/3 + w + 20. Give q(-1).
3
Let d(w) = w**2 - w**2 + 0*w**3 + 4*w**3 - w. Let y be (1/1 - 4) + -1. Let m(q) = -q**3 - 3*q**2 + 3*q - 3. Let b be m(y). Determine d(b).
3
Let a(f) = 27*f + 7. Let i(u) = 13*u + 3. Let k(s) = 4*a(s) - 9*i(s). Let t(p) = -p**2. Let j(c) = c - 1. Let n be j(0). Let r be t(n). Calculate k(r).
10
Suppose 0 = -2*t - 0*t + 4. Let k(o) be the second derivative of -2*o - 1/2*o**3 + 1/6*o**4 + o**2 + 0. Determine k(t).
4
Let w(o) = -3*o + 2. Suppose 0 = 4*f - 4*z + 4, 2*f - f - 5*z - 7 = 0. Let u = f - -6. Give w(u).
-7
Let y(u) = -u**3 + 10*u**2 - 9*u - 1. Let r be y(9). Let i be r*(0 + 0) - 1. Let c(j) = 6*j**3 - j**2 + 1. Give c(i).
-6
Let h(k) = -k**2 - 3. Suppose 3 = -3*q - 0*q. Let a be 0/(-2)*(0 + q). Calculate h(a).
-3
Sup